{"id":1415,"date":"2021-04-16T16:20:49","date_gmt":"2021-04-16T16:20:49","guid":{"rendered":"http:\/\/www.bote.hu\/?page_id=1415"},"modified":"2021-04-16T16:42:58","modified_gmt":"2021-04-16T16:42:58","slug":"gyere-onkentesnek","status":"publish","type":"page","link":"http:\/\/www.bote.hu\/?page_id=1415","title":{"rendered":"Gyere \u00f6nk\u00e9ntesnek!"},"content":{"rendered":"\n<h1><strong><span class=\"has-inline-color has-vivid-red-color\">Jelentkezz hozz\u00e1nk \u00f6nk\u00e9ntes t\u0171zolt\u00f3nak! <\/span><\/strong><\/h1>\n\n\n\n<figure class=\"wp-block-gallery columns-1 is-cropped\"><ul class=\"blocks-gallery-grid\"><li class=\"blocks-gallery-item\"><figure><img loading=\"lazy\" width=\"1024\" height=\"576\" src=\"http:\/\/www.bote.hu\/wp-content\/uploads\/2017\/09\/20170901_160013-1024x576.jpg\" alt=\"\" data-id=\"416\" data-full-url=\"http:\/\/www.bote.hu\/wp-content\/uploads\/2017\/09\/20170901_160013.jpg\" data-link=\"http:\/\/www.bote.hu\/?attachment_id=416\" class=\"wp-image-416\" srcset=\"http:\/\/www.bote.hu\/wp-content\/uploads\/2017\/09\/20170901_160013-1024x576.jpg 1024w, http:\/\/www.bote.hu\/wp-content\/uploads\/2017\/09\/20170901_160013-300x169.jpg 300w, http:\/\/www.bote.hu\/wp-content\/uploads\/2017\/09\/20170901_160013-768x432.jpg 768w, http:\/\/www.bote.hu\/wp-content\/uploads\/2017\/09\/20170901_160013.jpg 1400w\" sizes=\"(max-width: 1024px) 100vw, 1024px\" \/><\/figure><\/li><\/ul><\/figure>\n\n\n\n<h3>\u00d6nk\u00e9ntesek seg\u00edts\u00e9g\u00e9re egy k\u00f6z\u00f6ss\u00e9gnek mindig sz\u00fcks\u00e9g van. Budakeszin a legt\u00f6bb riasz\u00e1sn\u00e1l p\u00e1r perccel a hivat\u00e1sos t\u0171zolt\u00f3k el\u0151tt tudunk ki\u00e9rni egy-egy esethez \u00e9s el tudjuk kezdeni az els\u0151dleges beavatkoz\u00e1st. Ilyenkor minden perc sz\u00e1m\u00edt \u00e9s mindig \u00f6r\u00fclnek, hogy meg\u00e9rkezik a seg\u00edts\u00e9g! Ha szeretn\u00e9l te is seg\u00edteni m\u00e1sokon, keress meg minket!<\/h3>\n\n\n\n<p class=\"has-text-align-left\">Az egyes\u00fcletben teljes \u00e9rt\u00e9k\u0171 tags\u00e1got 18 \u00e9vet bet\u00f6lt\u00f6tt szem\u00e9lyek v\u00e1llalhatnak, de az ut\u00e1np\u00f3tl\u00e1s elk\u00f6telezett t\u00e1mogat\u00f3i vagyunk, \u00edgy ifj\u00fas\u00e1gi tagozatainkba is v\u00e1rjuk \u00e9rdekl\u0151d\u0151 fiatalok jelentkez\u00e9s\u00e9t.<\/p>\n\n\n\n<p class=\"has-text-align-left\">Egyes\u00fclet\u00fcnk az \u00f6nk\u00e9ntess\u00e9g elv\u00e9n m\u0171k\u00f6dik. Tagjaink szabadidej\u00fckben, a k\u00f6z\u00f6ss\u00e9gi tenniakar\u00e1s jegy\u00e9ben, fizets\u00e9g n\u00e9lk\u00fcl v\u00e9gzik tev\u00e9kenys\u00e9g\u00fcket.<\/p>\n\n\n\n<p class=\"has-text-align-left\">Javasoljuk, hogy m\u00e1r a jelentkez\u00e9st is komoly elhat\u00e1roz\u00e1s, \u00e9s megfontol\u00e1s el\u0151zze meg, mert a kezdeti id\u0151szakban rengeteg \u00faj ismeretet \u00e9s szervezeti saj\u00e1toss\u00e1got kell elsaj\u00e1t\u00edtani, ami a vonul\u00e1sokhoz elengedhetetlen\u00fcl sz\u00fcks\u00e9ges.<\/p>\n\n\n\n<p class=\"has-text-align-left\">A jelentkez\u0151knek folyamatosan biztos\u00edtjuk a k\u00e9pz\u00e9seket, gyakorlatokat \u00e9s minden t\u00e1mogat\u00e1st megadunk ahhoz, hogy a t\u0171zolt\u00e1shoz sz\u00fcks\u00e9ges k\u00e9pz\u00e9seket elv\u00e9gezhesse.<\/p>\n\n\n\n<h3>Jelentkez\u00e9sedet telefonon vagy emailben v\u00e1rjuk!<\/h3>\n\n\n\n<figure class=\"wp-block-image size-large is-resized\"><img loading=\"lazy\" src=\"http:\/\/www.bote.hu\/wp-content\/uploads\/2021\/04\/AMP_0935kicsi-1024x683.jpg\" alt=\"\" class=\"wp-image-1427\" width=\"558\" height=\"371\" srcset=\"http:\/\/www.bote.hu\/wp-content\/uploads\/2021\/04\/AMP_0935kicsi-1024x683.jpg 1024w, http:\/\/www.bote.hu\/wp-content\/uploads\/2021\/04\/AMP_0935kicsi-300x200.jpg 300w, http:\/\/www.bote.hu\/wp-content\/uploads\/2021\/04\/AMP_0935kicsi-768x512.jpg 768w, http:\/\/www.bote.hu\/wp-content\/uploads\/2021\/04\/AMP_0935kicsi-1536x1024.jpg 1536w, http:\/\/www.bote.hu\/wp-content\/uploads\/2021\/04\/AMP_0935kicsi-2048x1366.jpg 2048w\" sizes=\"(max-width: 558px) 100vw, 558px\" \/><\/figure>\n\n\n\n<p><\/p>\n\n\n\n<p><\/p>\n","protected":false},"excerpt":{"rendered":"<p>Jelentkezz hozz\u00e1nk \u00f6nk\u00e9ntes t\u0171zolt\u00f3nak! \u00d6nk\u00e9ntesek seg\u00edts\u00e9g\u00e9re egy k\u00f6z\u00f6ss\u00e9gnek mindig sz\u00fcks\u00e9g van. Budakeszin a legt\u00f6bb riasz\u00e1sn\u00e1l p\u00e1r perccel a hivat\u00e1sos t\u0171zolt\u00f3k el\u0151tt tudunk ki\u00e9rni egy-egy esethez \u00e9s el tudjuk kezdeni az els\u0151dleges beavatkoz\u00e1st. Ilyenkor minden perc sz\u00e1m\u00edt \u00e9s mindig \u00f6r\u00fclnek, hogy &hellip; <a href=\"http:\/\/www.bote.hu\/?page_id=1415\">Egy kattint\u00e1s ide a folytat\u00e1shoz&#8230;. <span class=\"meta-nav\">&rarr;<\/span><\/a><\/p>\n","protected":false},"author":1,"featured_media":0,"parent":0,"menu_order":0,"comment_status":"closed","ping_status":"closed","template":"","meta":[],"_links":{"self":[{"href":"http:\/\/www.bote.hu\/index.php?rest_route=\/wp\/v2\/pages\/1415"}],"collection":[{"href":"http:\/\/www.bote.hu\/index.php?rest_route=\/wp\/v2\/pages"}],"about":[{"href":"http:\/\/www.bote.hu\/index.php?rest_route=\/wp\/v2\/types\/page"}],"author":[{"embeddable":true,"href":"http:\/\/www.bote.hu\/index.php?rest_route=\/wp\/v2\/users\/1"}],"replies":[{"embeddable":true,"href":"http:\/\/www.bote.hu\/index.php?rest_route=%2Fwp%2Fv2%2Fcomments&post=1415"}],"version-history":[{"count":12,"href":"http:\/\/www.bote.hu\/index.php?rest_route=\/wp\/v2\/pages\/1415\/revisions"}],"predecessor-version":[{"id":1429,"href":"http:\/\/www.bote.hu\/index.php?rest_route=\/wp\/v2\/pages\/1415\/revisions\/1429"}],"wp:attachment":[{"href":"http:\/\/www.bote.hu\/index.php?rest_route=%2Fwp%2Fv2%2Fmedia&parent=1415"}],"curies":[{"name":"wp","href":"https:\/\/api.w.org\/{rel}","templated":true}]}}